 - -69. What is f(z)?
9
Let t(s) = -2*s + 6. Suppose -a = -2*h + 12, -6 = -h - a - 3*a. Suppose 6 + h = d. Let g be (d/18)/(1/6). Determine t(g).
-2
Suppose -3*j - 4*h = -j - 8, -2 = -h. Let w(q) be the first derivative of -1/3*q**3 + j*q + 1 + q**2. Determine w(2).
0
Let n(s) = 2 - 3*s + 6*s + 6*s - 5*s. What is n(-2)?
-6
Let m(o) = -3*o**2 + 4*o - 6*o - 1 - 2*o**3 + o. What is m(-2)?
5
Let c(g) = g - 11. Let m be c(14). Let n(w) = m + 3 - 2 - 3 + 2*w**2. Give n(2).
9
Suppose 4*z + 15 = -5. Let p(x) = x**2 + 5*x - 7. Calculate p(z).
-7
Let h(l) = l**2 + l + 12. Let g = 27 - 27. What is h(g)?
12
Let g be 2/9 - 232/72. Let p(w) be the second derivative of w**5/20 + w**4/3 + 5*w**3/6 + 3*w**2/2 - 2*w. Calculate p(g).
-3
Suppose -6 = 11*t - 17. Let n(k) = k**3 + k - 1. Calculate n(t).
1
Let w(z) = 13*z**3 + 2*z + 1. Let h be ((-20)/40)/(1/(-2) + 1). Determine w(h).
-14
Let n(i) be the first derivative of -i**4/4 + 10*i**3/3 - 11*i**2/2 + i + 31. Calculate n(9).
-17
Let a = 8 - 10. Let b(m) = -2*m**2 + m. Determine b(a).
-10
Suppose -s + 4*f = 5*f + 6, -3*s + f - 2 = 0. Let o(z) = -z**2 - z + 2. Give o(s).
0
Let s(g) = -g**3 - g**2 + g. Let z(j) = -5*j**3 - 6*j**2 + 6*j + 2. Let i(u) = -6*s(u) + z(u). Suppose -4*h + 17 - 25 = 0. What is i(h)?
-6
Let m(n) be the second derivative of -2*n**3/3 + n**2/2 - 2*n. Let o = -3 - -5. Calculate m(o).
-7
Let y(f) = f**2 - 4*f + 1. Let j(k) = -k**2 - k + 24. Let g be j(0). Suppose 2*a - 2*h = 10, 4 - g = -4*a - 4*h. Calculate y(a).
6
Let w(s) be the third derivative of s**5/20 - s**4/8 + s**3/3 + 10*s**2. Give w(2).
8
Let l(u) = -3*u. Let j be l(-1). Let p(c) = -c + j + 6 - 2 + 1. Give p(4).
4
Let a(o) be the first derivative of -o**4/4 - o**3 - o**2 + 2*o - 1. Suppose 5 = 3*q + 2*q - 4*v, 4*q - 3 = 3*v. Determine a(q).
8
Suppose -69 = -4*i - 2*f - 25, -5*f = 4*i - 50. Suppose p = 2*m + 5*p - 18, m + 3*p = i. Let s(r) = -r + 8. What is s(m)?
1
Let w(z) = -z + 1. Let h(x) = 2*x - 6. Let p(o) = h(o) + 3*w(o). Determine p(-7).
4
Let n(x) be the third derivative of -x**7/252 + x**4/24 - 2*x**2. Let q(h) be the second derivative of n(h). Determine q(1).
-10
Let y(x) = -3 - x**2 + 3 + 20*x - 8*x. Determine y(12).
0
Let j be (2 - (-3)/(-1))*3. Let n(f) be the second derivative of -f**3/2 - f**2/2 - 7*f. What is n(j)?
8
Let c(y) be the third derivative of -y**5/120 + y**4/24 - y**3/3 - y**2. Let a(f) be the first derivative of c(f). Give a(5).
-4
Let j(n) be the second derivative of n**4/12 + 2*n**3/3 + 5*n**2/2 + 23*n. Calculate j(-4).
5
Let b = 25 + -35. Let h = 14 - 20. Let f = b - h. Let t(v) = v**3 + 4*v**2 - v - 1. Determine t(f).
3
Let y(s) = 2*s + 12. Let o be y(-5). Let g(l) be the first derivative of -3*l**2 + 3. Give g(o).
-12
Let c(r) = r. Let i = 25 - 20. Determine c(i).
5
Let r(f) = -f**3 - 3*f**2 - 2*f - 3. Let y(v) = -v**2 + 7*v - 3. Let l be y(7). Let d be r(l). Let q(i) = 5*i. What is q(d)?
15
Let w(v) = -3*v + 10. Let c(m) = 4*m - 11. Let x(z) = -2*c(z) - 3*w(z). Determine x(7).
-1
Let j(r) = r**2 - 4*r - 2. Let t be j(5). Suppose -4*v - t = -11. Let u(k) = -6*k - 12 + k + 14. Give u(v).
-8
Let s(p) = 3*p - 17. Let o be s(7). Let h(u) = 1 + 0*u - 3*u - 3*u**2 - u**3 + 8*u**2. Determine h(o).
5
Suppose 4*q - 12 = 2*q. Let d = -6 + q. Let l(a) = -a**2 + 0*a**2 + 9 + d. Determine l(0).
9
Let a(x) = 3*x - 18. Let m be a(6). Let p(g) = -g**3 - 14. Determine p(m).
-14
Let t(p) = -p**2 + 5*p + 2. Let m be ((-16)/(-6))/((-6)/(-9)). Let n(y) = y + 2. Let r be n(m). Calculate t(r).
-4
Let x(b) = -b**2 + 3. Suppose 0 = 4*w + 2*z + 2*z - 28, w = -2*z + 12. Suppose -w*j - j = 0. What is x(j)?
3
Let s(w) = w**3 + 6*w**2 + 6*w + 2. Let o be (1 - -5)*3/9. Let c be (-10)/o - (-1 - -1). Give s(c).
-3
Let o(q) = -q**2 - 5*q + 26 - 46 + 27. Calculate o(-7).
-7
Let n(y) = y**3 - 7*y**2 + 8*y + 1. Let s(u) = u**3 - 7*u**2 - 16*u - 12. Let q be s(9). Give n(q).
13
Suppose 10 = -3*z + 3*j + 1, -z + 22 = 4*j. Let h(w) = 7 - w**2 + z*w**2 + 6*w + 0*w**2. Let b = -8 + 3. Calculate h(b).
2
Let q(j) be the second derivative of -j**5/20 - j**4/4 - j**3/2 - 3*j**2/2 - j. Suppose r + 4*r - 15 = 0. Let i = r + -6. Calculate q(i).
6
Let q(p) = p**2 - 8*p + 8. Let a be q(7). Let l(d) = -8*d**2 - 1. Give l(a).
-9
Let n(z) = -z**2 + 9*z - 5. Let g be n(8). Let y(s) = -5*s**3 - 2*s**2 - 2*s**g + 3*s**2. Determine y(-1).
8
Let x = -27 - -13. Let n = x + 9. Let i(y) = y**3 + 6*y**2 + 5*y + 6. What is i(n)?
6
Let u(y) = -2*y - 6. Let h be (-4)/6*60/8. What is u(h)?
4
Let v(i) = -i**2 + 6*i + 2. Suppose 0 = 5*r - 0*r - 35. Calculate v(r).
-5
Suppose -7 = d - 2*a, 2 = -d - 7*a + 8*a. Let x(j) be the first derivative of -1 - 2/3*j**d - j + 1/4*j**4 + 0*j**2. Give x(2).
-1
Let m(v) = 5*v - 4. Let j(b) = -15*b + 11. Let i(t) = -3*j(t) - 8*m(t). Determine i(-1).
-6
Let d(q) = -34*q + 0 + 35*q - 3 + 0. Let c(g) = 2*g**3 - 4*g**2 + 3*g. Let n be c(2). Give d(n).
3
Let h(k) be the first derivative of k**3/3 + k**2/2 + 1. Let b(a) = 10 - 2 - 6. Let o(r) = -b(r) - h(r). Determine o(0).
-2
Suppose -4*l + 2*l = b - 5, -3*l - 4*b = -15. Suppose 0 = y + v - l, -2*y + y = -v + 9. Let d(u) = -2*u**2 + 3*u**2 + u - 3 - 1. What is d(y)?
8
Let c(m) = -m**3 + 3. Let s(k) = 3*k**3 + k**2 - k - 8. Let x(q) = 11*c(q) + 4*s(q). Give x(-4).
17
Let u(f) = -5*f**3 + 2*f**2 + f. Let o be (-4)/20 + (-12)/15. What is u(o)?
6
Let w = -3 + -1. Let v(b) be the first derivative of -b**4/4 - b**3 + 7*b**2/2 + 6*b - 1. What is v(w)?
-6
Let l(r) be the second derivative of -r**4/6 - 5*r**3/6 + r**2/2 - r. Let n(d) = d**2 - 2*d - 7. Let b be n(3). Calculate l(b).
-11
Let x(w) = 2*w + 1. Let c be (-3)/9*1*-3. Let g be (c - 2)/(2 - 3). Give x(g).
3
Let w = -3 + 3. Let r be (-5 - -5)*(w + 1). Let q(b) = -b**3 - b**2 - b + 1. What is q(r)?
1
Let q(h) = -h**3 - 7*h**2 - 5*h + 6. Let c be q(-6). Let t = c - 6. Let z(k) be the second derivative of -k**3/6 - 5*k**2 + k. Give z(t).
-4
Let r be (-8)/10*(-30)/(-4). Let v(x) be the first derivative of -x**3/3 - 3*x**2 - 5*x - 37. Calculate v(r).
-5
Suppose 7 = 2*y - 1. Let f(z) = -z**3 - z**2. Let h(v) = 5*v**3 + v - 5. Let o(l) = -4*f(l) - h(l). What is o(y)?
1
Let r(a) be the second derivative of 5*a**4/3 + 15*a. Calculate r(1).
20
Suppose -4*h - 8 = 2*j - 2, 3*h - j = -12. Let x(a) = -a**2 + 3 - 3 + 0*a**2 + 4. Determine x(h).
-5
Let w(k) be the third derivative of 0 - 1/120*k**6 - 7*k**2 + 1/15*k**5 - 1/6*k**3 - 1/24*k**4 + 0*k. Let g be (2/(-2))/1*-3. What is w(g)?
5
Suppose -5*f = 2*m - 3*f - 18, -2*m + 3 = -f. Let t be (1 - m)/6*-4. Let w(o) = -3 + 3*o + 3*o**3 - 7*o**3 + 3*o**3. Calculate w(t).
-5
Let c(y) = -3*y + 1. Suppose h + p + 4 = 0, 0*h + h - 5*p + 16 = 0. What is c(h)?
19
Let k(r) be the second derivative of -r**4/12 + r**3 - 2*r**2 - 2*r - 3. Let u(l) = -l**2 - 7*l - 5. Let g be u(-5). Give k(g).
1
Let m(a) be the second derivative of a**4/12 - 3*a**3/2 + 9*a**2/2 - 9*a. Give m(6).
-9
Suppose 11 - 41 = 5*a. Let f(i) = -i**2 - 8*i - 9. Give f(a).
3
Let j(b) = 4*b - 3*b + 93 - 2*b - 94. Calculate j(4).
-5
Let s(r) = 2*r + 3. Let g = 20 + -22. Give s(g).
-1
Let u(o) = -o**3 - 4*o**2 + 2*o + 5. Suppose 4 = v - 2*v. Give u(v).
-3
Let w(h) = h - 1. Let g be ((-1)/3)/((-1)/9). Suppose -d = 5*x + 14, g*d + 2 = 3*x + 2*x. Determine w(x).
-3
Let a(d) = d**3 - 6*d**2 - 3*d + 11. Let p be a(6). Let h(x) = -x**3 - 6*x**2 + 7*x - 5. Calculate h(p).
-5
Let g(x) = -3 + 4*x - 3*x + 3*x. Let p(r) = r**2 + 9*r + 18. Let m be p(-6). Suppose m*n = -n + 5, -2*b - 4*n = -26. Determine g(b).
9
Let h(v) = -v**2 - 4*v + 6. Let n(f) = 0 + 2*f + 1 - 5*f. Let o be n(2). Determine h(o).
1
Let t(x) = 6*x + 1. Let y = 0 - -5. Suppose y*b + 3*w = b - 17, -5*w + 15 = -2*b. Let r = b - -6. Determine t(r).
7
Let b(q) be the first derivative of q**3/3 + 3*q**2 - 11*q - 34. Determine b(-8).
5
Let k(g) = g**2 - 4*g - 5. Let d be (-11 - -5)/(-3 + 1). Let r(c) = 2*c**3 - 2*c**2 + 2*c - 3. Let a be r(d). Suppose 5*o - a = -14. Give k(o).
0
Suppose 5*t = -2*z - 6, -12 = -t + 2*t + 4*z. Let u(c) = 2*c - c**2 - 2*c - 2. Determine u(t).
-2
Let p be (-18)/(-24) + (-9)/(-4). Suppose 0 = p*t + 18 - 6. Let d(a) = -a**2 - 7*a - 4. Give d(t).
8
Let g(r) = -6*r - 1. Let u(i) = -5*i - 1. Let j = -1 - -5. Let n(a) = j*g(a) - 5*u(a). What is n(-1)?
0
Suppose -10*j - 15 + 